{"id":84,"date":"2019-02-20T08:43:25","date_gmt":"2019-02-20T08:43:25","guid":{"rendered":"http:\/\/reckell.com\/?page_id=84"},"modified":"2024-11-09T16:27:44","modified_gmt":"2024-11-09T16:27:44","slug":"contact","status":"publish","type":"page","link":"https:\/\/www.reckell.com\/?page_id=84","title":{"rendered":"Contact"},"content":{"rendered":"<div  data-label=\"Content\" data-id=\"content--2\" data-export-id=\"content-7-mc\" data-category=\"content\" class=\"content-7-mc content-section content-section-spacing\" id=\"content-2\" style=\"background-color: rgb(255, 255, 255); background-image: none;\"><div  class=\"gridContainer\"> <div  class=\"row middle-sm\"><div  class=\"col-sm-6 space-bottom-xs\" data-type=\"column\">  <h3  class=\"\"><span  style=\"font-family: arial, helvetica, sans-serif; font-weight: 600;\">Contact<\/span><\/h3><p  class=\"\"><span  style=\"font-family: arial, helvetica, sans-serif; color: rgb(0, 0, 0);\">E-mail: contact@reckell.com<\/span><br ><span  style=\"font-family: arial, helvetica, sans-serif; color: rgb(0, 0, 0);\">\nAdresse:<\/span><br ><span  style=\"font-family: arial, helvetica, sans-serif; color: rgb(0, 0, 0);\">\nOCP Business Center<\/span><br ><span  style=\"font-family: arial, helvetica, sans-serif; color: rgb(0, 0, 0);\">\n66 Avenue des Champs-Elys\u00e9es<\/span><br ><span  style=\"font-family: arial, helvetica, sans-serif; color: rgb(0, 0, 0);\">\n75008 Paris<\/span><br ><span  style=\"font-family: arial, helvetica, sans-serif; color: rgb(0, 0, 0);\">\nAcc\u00e8s:<\/span><br ><span  style=\"font-family: arial, helvetica, sans-serif; color: rgb(0, 0, 0);\">\nM\u00e9tro ligne 1 arr\u00eat Franklin D. Roosevelt ou George V<\/span><\/p> <\/div> <div  class=\"col-sm-6\" data-type=\"column\"> <img  decoding=\"async\" class=\"shadow-large\" src=\"https:\/\/www.reckell.com\/wp-content\/uploads\/2019\/02\/cropped-cropped-Bureau-e1550869893705-scaled-2.jpeg\" title=\"panorama view inside office in skyscraper\" alt=\"\"><\/div> <\/div><\/div> <\/div>","protected":false},"excerpt":{"rendered":"<p>ContactE-mail: contact@reckell.com Adresse: OCP Business Center 66 Avenue des Champs-Elys\u00e9es 75008 Paris Acc\u00e8s: M\u00e9tro ligne 1 arr\u00eat Franklin D. Roosevelt ou George V<\/p>\n","protected":false},"author":1,"featured_media":168,"parent":308,"menu_order":4,"comment_status":"closed","ping_status":"closed","template":"pro\/page-templates\/page-with-small-header.php","meta":{"footnotes":""},"class_list":["post-84","page","type-page","status-publish","has-post-thumbnail","hentry"],"aioseo_notices":[],"_links":{"self":[{"href":"https:\/\/www.reckell.com\/index.php?rest_route=\/wp\/v2\/pages\/84"}],"collection":[{"href":"https:\/\/www.reckell.com\/index.php?rest_route=\/wp\/v2\/pages"}],"about":[{"href":"https:\/\/www.reckell.com\/index.php?rest_route=\/wp\/v2\/types\/page"}],"author":[{"embeddable":true,"href":"https:\/\/www.reckell.com\/index.php?rest_route=\/wp\/v2\/users\/1"}],"replies":[{"embeddable":true,"href":"https:\/\/www.reckell.com\/index.php?rest_route=%2Fwp%2Fv2%2Fcomments&post=84"}],"version-history":[{"count":17,"href":"https:\/\/www.reckell.com\/index.php?rest_route=\/wp\/v2\/pages\/84\/revisions"}],"predecessor-version":[{"id":840,"href":"https:\/\/www.reckell.com\/index.php?rest_route=\/wp\/v2\/pages\/84\/revisions\/840"}],"up":[{"embeddable":true,"href":"https:\/\/www.reckell.com\/index.php?rest_route=\/wp\/v2\/pages\/308"}],"wp:featuredmedia":[{"embeddable":true,"href":"https:\/\/www.reckell.com\/index.php?rest_route=\/wp\/v2\/media\/168"}],"wp:attachment":[{"href":"https:\/\/www.reckell.com\/index.php?rest_route=%2Fwp%2Fv2%2Fmedia&parent=84"}],"curies":[{"name":"wp","href":"https:\/\/api.w.org\/{rel}","templated":true}]}}